False
Let l = -96 + 117. Suppose 9908 = l*k - 17*k. Is k a composite number?
False
Suppose 3*r - 5*k - 38538 = 0, -10*r - 4*k = -6*k - 128416. Is r composite?
False
Let v(k) = 82422*k + 169. Is v(1) a composite number?
False
Is (-1102185)/(-81) + 4/(-18) prime?
False
Let z(n) = -82*n + 5. Is z(-11) a composite number?
False
Let q = 12 + -18. Let m(y) = 11*y**2 - 9*y - 7. Is m(q) a prime number?
True
Suppose 2*j = -8 - 6. Let m(r) = -2*r**3 - 7*r**2 - 4*r. Is m(j) prime?
False
Suppose 18 = -5*j + 2*j. Let r be (-18)/27 + (-64)/j. Is ((-48)/(-4))/(-4) + r composite?
False
Let r(a) = 4*a**2 - a + 11. Is r(8) a prime number?
False
Suppose -1 = 4*w - 9. Suppose -w*g + 3 + 5 = 0. Suppose q - g = 0, 0*b = 2*b + 3*q - 38. Is b composite?
False
Let a(n) be the first derivative of 2*n**3/3 - 11*n**2/2 + 4*n - 6. Let z be a(7). Suppose 4*b - 970 = -5*w + b, 5*b - z = 0. Is w a prime number?
True
Suppose 90*r - 89*r = 1171. Is r prime?
True
Suppose -3*s - 3*p = -20898, 2*s - 27871 = -2*s + 3*p. Let i = s - 188. Is i a composite number?
False
Suppose -4*a = -5*b + 949, -2*b + 4*b - a = 382. Suppose -b = -k + 5*y, 4*k - 2*k + 4*y = 414. Is k prime?
False
Let j(i) = -2*i + 14. Suppose 0 = 2*g + 37 - 9. Let z be j(g). Suppose -3*r + z = -r. Is r composite?
True
Let b = 393 - 1584. Is 0/((-4)/1) - b composite?
True
Let n(g) = -138*g + 33. Let p be n(-14). Let h = -1007 + p. Is h composite?
True
Suppose -n + 825 = u - 473, -5*n + 2590 = 2*u. Suppose -3*f - 2*f + 3*t + u = 0, -524 = -2*f + 2*t. Is f prime?
True
Let h(q) = q**3 - 5*q**2 - 6*q + 5. Let r be h(6). Let u be r - ((-8)/(-4) - 2). Suppose -4*t = t - u*j - 925, j - 555 = -3*t. Is t composite?
True
Let p(n) be the third derivative of -n**7/280 + n**6/360 - n**5/120 - n**4/24 - n**3/2 + n**2. Let a(v) be the first derivative of p(v). Is a(-4) prime?
True
Let k(c) = c**3 + 6*c**2 + 2*c + 4. Let s be k(-5). Suppose -181 = -3*r - s. Suppose 52 + r = 2*d. Is d composite?
False
Let w(f) be the first derivative of 4*f**3/3 - 5*f**2 + 11*f + 6. Is w(14) a composite number?
True
Let v be ((-66)/8)/(6/(-16)). Let t be ((-1476)/16)/((-2)/(-88)). Is 2/4 - t/v composite?
True
Suppose -76*b - 16*b + 7014356 = 0. Is b a prime number?
True
Let i = -4193 - -8508. Suppose -10*j - i = -11*j. Is j a composite number?
True
Let i(b) = b**3 - 19*b**2 - 68*b + 9. Is i(28) a composite number?
True
Suppose -4*b = 5*d - 3*d, 3*d - 20 = 4*b. Suppose -4*j - 67 = d*i - 555, 0 = 2*i - j - 232. Is i a composite number?
True
Let p(m) = m + 17. Let s be p(-11). Suppose 5*t - 748 = -3*n, n + 4*t - s*t - 253 = 0. Is n prime?
True
Suppose 3*r = 2*r + 2, 5*l + 3*r + 4009 = 0. Let k = l - -2650. Is k composite?
False
Let a = -839 + 2572. Is a a composite number?
False
Suppose -2*c = -28*k + 29*k - 166980, 417461 = 5*c - 3*k. Is c a prime number?
False
Let q(w) = 4*w + 29. Let z be q(0). Suppose -3018 = -7*n - z. Is n a prime number?
False
Suppose 3*u + 4 - 25 = 0. Let l be (-3)/6*(2 + -8). Suppose -u*h + l*h + 868 = 0. Is h composite?
True
Suppose -2*g = -m + 1, 0 = 3*m + 2*g - 23 + 4. Suppose m*j - 6 - 29 = 0. Suppose -j*a - 5*p + 1845 = -2*a, 5*p = -10. Is a composite?
True
Let x = 3592 + 365. Is x prime?
False
Suppose 4*x - 2*m - 55442 = 0, 2*x + m - 39312 + 11589 = 0. Is x prime?
False
Let r be (1 - (-6)/(-3))*-9. Let i = r + -9. Let q(b) = -b**2 - b + 257. Is q(i) a prime number?
True
Suppose -2*j - 3 + 13 = 0. Suppose 162 = j*y + 1477. Let d = y + 369. Is d composite?
True
Is 1/(-4) - (-1831434)/264 composite?
True
Suppose -4*r = 2*j - 18, 4*j = -0*j + 12. Suppose 0 = -3*l - 12 - r. Let g = l + 84. Is g a prime number?
True
Let s(g) = -100*g - 87. Is s(-13) a prime number?
True
Let v = 1297 + -1210. Let a(c) = -c**2 + c + 6. Let n be a(0). Suppose -t = -3*s - 71, t + n*s = s + v. Is t prime?
False
Suppose -3*f = 146 + 220. Let u = f - -249. Is u composite?
False
Let u(r) = 578*r**2 - 13*r + 82. Is u(9) composite?
True
Let t be (-8876 - 0)/(-2) + -6 + 3. Suppose 39*s - 34*s = t. Is s prime?
True
Let b(x) = -64*x + 697. Is b(-6) a prime number?
False
Suppose -19707 = -5*k + 3*s, -3*k + 4704 = -5*s - 7133. Suppose 2*z - 1554 = -5*b, -5*z + 5*b = 4*b - k. Is z a prime number?
True
Let b = 115 - 115. Suppose 0*j + 5*d = j - 1798, b = 4*d - 20. Is j a composite number?
False
Suppose -l = -702 - 991. Is l composite?
False
Suppose l - 3620 = -3*n, -3*n + 3626 = 2*l - 7*l. Is n a composite number?
True
Let z = 22248 - 12455. Is z prime?
False
Suppose -5*u + 4*a + 30 + 17 = 0, 0 = -2*u - 5*a - 1. Suppose 2*w = u*w - 2405. Is w a prime number?
False
Let r(z) = -1852*z - 219. Is r(-13) a prime number?
True
Suppose -2*g + 11 = c, -g - 3*c + 8 = -0. Suppose -6 = -5*p - g*n + 19, -3*p - 4*n = -17. Suppose 91 = o + 2*h, p*o - 3*h = 234 + 66. Is o composite?
False
Is ((-320)/72)/(-10) + (-67505)/(-9) a prime number?
False
Let g(s) = 125*s**2 + 9*s + 9. Suppose -3*c + 3 = 15. Is g(c) composite?
False
Suppose 4*w - 7*w - 4*b = 9, 2*b = w - 7. Is w/(-3) + (-777)/(-9) composite?
True
Suppose -8*u + 9*u - 877 = 0. Suppose -2*d + z = 2*d - 875, -4*d = z - u. Is d a prime number?
False
Let m = -6281 + 21250. Is m composite?
False
Suppose n - 16*v - 30917 = -12*v, -92816 = -3*n - v. Is n prime?
True
Let n be 4/(-8) + (-11)/(-2). Suppose 33 = u + u + n*f, 5*u = -4*f + 40. Suppose -u*a = a - 30. Is a a prime number?
False
Is (2 + -4)*210321/(-18) a prime number?
True
Suppose -5*l + 4*d = -27253, 4*l - 498*d + 502*d - 21788 = 0. Is l a prime number?
True
Suppose 2*f - f = 5*c - 24, -4*c + f = -20. Let w(z) = 12*z**3 + 3*z**2 + 5*z + 3. Is w(c) a prime number?
True
Let l(g) = 18*g**2 - 14*g + 17. Let k(d) = 9*d**2 - 7*d + 8. Let y(o) = -5*k(o) + 3*l(o). Is y(6) a composite number?
False
Suppose -2*p = -16 - 0. Suppose p*f = 10*f - 230. Is f a composite number?
True
Let c = 5355 - -824. Is c prime?
False
Suppose 135*z - 60656 = 119*z. Is z composite?
True
Suppose 5*p = 11 + 2019. Suppose 5*d - p = 279. Let a = 331 - d. Is a a prime number?
False
Let j = -39 + 75. Suppose 0 = t + 2*w - j, 0 = 5*t - w - 161 - 74. Suppose 3*a + 40 = z, z - 24 = -3*a + t. Is z a prime number?
False
Suppose 4*n = -r - 645 + 12926, -5*n = -5*r + 61530. Is r prime?
True
Is (8/(-12))/(64/(-1295688))*4 composite?
False
Let l(t) = 753*t - 5. Is l(4) prime?
False
Suppose -296*y + 289*y = -31549. Is y a composite number?
False
Let s(g) be the second derivative of -22*g**3/3 + 13*g**2/2 - 17*g. Is s(-8) composite?
True
Let d(w) = -2*w + 2 - 3 - 8. Let i be d(-7). Suppose f + 3*f - i*g = 346, 5*f = 3*g + 439. Is f prime?
True
Suppose -21*d + 233513 = 63392. Is d composite?
False
Let c be 97 - 2/(4/6). Suppose -7 = -3*o + 2*h - 65, -h + 99 = -5*o. Let a = c + o. Is a a prime number?
False
Let b be -3 - ((-268)/1 - (-3 + 0)). Suppose 108 = -2*p + b. Is p prime?
False
Let c(n) = -n**3 - 5*n**2 + 6*n - 2. Let b be c(-6). Let h(r) = 38*r**2 - 3*r - 3. Let i be h(b). Suppose q - 6*q = -i. Is q a prime number?
True
Let c(n) = -20*n - 23. Let z be (-351)/21 - 4/14. Is c(z) a prime number?
True
Let v = -228 + -730. Is 3/(-6) - v/4 a composite number?
False
Suppose -4*p + 8 + 0 = -3*c, -2*c - 2 = -p. Suppose -7*g + 776 - 195 = c. Is g prime?
True
Let x(k) = -5 + 48*k**2 - 4 - 1 + 3 + 2*k. Is x(-3) a composite number?
False
Let b(i) = 292*i**2 + 8*i + 13. Is b(-2) a prime number?
False
Let j(z) = z**3 + 15*z**2 - 5*z + 20. Let a(i) = 7*i**3 - 1. Let h be a(1). Let w be 3/9 - 92/h. Is j(w) prime?
False
Let z = 14 - 14. Is -1213*(-1 + (z - 0)) a composite number?
False
Suppose -305095 = -10*q + 103015. Is q prime?
False
Suppose 4*m - 252 = -912. Let v = -110 - m. Is v composite?
True
Let o = 14 - 8. Is 4/o - (-2342)/6 prime?
False
Let a be (4 - (4 - 1)) + -13. Let d(r) = r**3 + 16*r**2 - 11*r + 26. Is d(a) prime?
False
Let q(k) = -344*k + 48. Let w be q(-23). Suppose 10*g + 3110 = w. Is g a prime number?
False
Suppose 14*t = 12*t + 24276. Let i = -8329 + t. Is i a prime number?
False
Let b = 3384 - -5. Is b a prime number?
True
Suppose 3*c = -5*p + 7*c + 20945, p - 4213 = -4*c. Is p composite?
True
Let d be 15/8 - (-1)/8. Is 24803/(-51)*d/((-2)/3) a composite number?
False
Let t = 2 + 2. Suppose -t*p = -2*p + 126. Let f = p + 130. Is f composite?
False
Let k(u) = -2*u**3 - 3*u**2 - 4*u + 4. Let v be k(-4